69).
9
What is (-9 - -5) + 4 - 6 - 7?
-13
Evaluate 28 - (13 - 36 - -31).
20
2 + (-16 - (5 + -14)) - -24
19
Evaluate -40 - (14 + -17) - -65.
28
What is the value of -7 - ((27 + -38 - (1 + -2)) + -5)?
8
What is the value of (-5 - (1 + -5)) + 1 + -23 + 15?
-8
What is the value of -1176 + 1180 - ((-26 - -1) + 1)?
28
Calculate (2 - (-2 - 6)) + -7.
3
Evaluate 5 - (17 + 0) - (-16 + 6).
-2
What is the value of 6 - ((-22 - -25) + -10)?
13
3 + -23 + 25 - 11
-6
(4 - 37 - 6) + 23
-16
-49 + 52 + (-2 - -1)
2
What is 50 - (26 - -27 - 29)?
26
What is -13 + (-9 - (-7 - 1))?
-14
What is the value of (12 - (9 - (4 + 2))) + -13 + -21?
-25
Evaluate 16 + (10 - 12) - 4.
10
What is the value of 2 + -5 - (-10 + 1)?
6
Evaluate (-3 - (-22 - -4)) + -30.
-15
-11 - (-8 + -9) - (-9 + 3)
12
Evaluate -24 - (6 - 29 - 12).
11
Evaluate -18 + -3 + -20 - -23.
-18
What is 6 - 12 - (8 - 4 - 1)?
-9
What is 1 + (-8 - 2) - (14 + 7 - 16)?
-14
What is -9 - -2 - ((3 - -4) + -4 + 1)?
-11
Evaluate 7 + (16 - (19 + -8)) - -15.
27
Evaluate 2 + 0 - (-6 + 7 + -2 - -2).
1
What is the value of 298 + -302 - (11 + (0 - -2) + 3)?
-20
What is the value of -1 + 2 - (-16 + 1) - (-7218 + 7227)?
7
-21 + 10 + (-9 - -16) + 1
-3
Calculate (-114 - -108 - (-15 + 1)) + 3.
11
-186 - -194 - (13 - -1)
-6
What is the value of -1 + (5 - (-10 + (6 - 0)))?
8
Calculate (5 - 1) + (-184 - -192).
12
Calculate -3 - (9 + -7) - 3 - 0.
-8
What is the value of 7 + (-6 - -9) + -1 + (-9 - -3)?
3
Calculate -9 - (12 + -11 + 6) - -33.
17
What is the value of 0 + (-3 - (-6 + (0 - (2 - -2))))?
7
Evaluate (40 - 27) + -25 - (-4 + 1 + 1).
-10
What is the value of 27 + -30 - (5 + -1 + -2 + 1)?
-6
What is (-36 - 0) + 235 + -171?
28
Evaluate -3 - (0 + (12 - 17)).
2
10 + -19 + 7 + -9 + 1
-10
Calculate 23 - 1 - (-193 + 196).
19
What is -11 - (31 + -18 - (-3 - -2))?
-25
-17 - (-21 - 4 - -12)
-4
Evaluate -7 - 0 - (14 - (36 + -23)).
-8
What is the value of (12 - -5) + -24 + -2?
-9
What is -12 + (23 - -1) - (43 + -2)?
-29
Calculate -12 + 0 - (144 + -135 - (-2 - -8)).
-15
What is the value of -5 + (1 - (2 - (-2 - -5)))?
-3
What is the value of -22 - (-42 - -23) - (-1 + 10)?
-12
(32 - 32) + (10 - 7)
3
What is the value of 0 + 19 - -13 - (3 - -4 - -3)?
22
Evaluate -3 + (-10 - -12 - 3) + 14 + 2.
12
What is (5 - (6 + 1 + -2)) + -16?
-16
Evaluate -6 + 0 + -15 + 24 + 6.
9
Evaluate -23 + (19 - (-46 - -23)).
19
What is the value of 8 - (-11 + 1 + 7) - 3?
8
-10 - (27 + -19 - 11)
-7
Evaluate (6 + 6 - -4) + 2 + -6 + -5.
7
What is (2 - -6) + (3 - (-10 + 2))?
19
Calculate -20 - ((-40 - -33) + 8 - (8 - 0)).
-13
What is the value of -4 - (-11 + 14 + -2 + -14)?
9
What is -11 - (-8 + 5 + 3 - 5) - -13?
7
Evaluate (-1 + 1 - (-48 - -57)) + -6.
-15
Calculate (-10 - -9 - 6 - 0) + (21 - 3).
11
Calculate 90 + -53 + -30 + (1 - 2) + -7.
-1
What is the value of (3 + 4 + -1 + 4 - -8) + 3?
21
What is (-20 - -25) + (0 - -7 - 19)?
-7
What is 5 - -3 - (-7 - (12 - 10) - -9)?
8
Calculate (-7 - (-16 - 1 - (-31 - -29))) + 0.
8
Evaluate -326 + 304 - (-31 + 2).
7
Calculate (-5 + 13 - (5 + (5 - -4))) + 4.
-2
What is the value of (-6 + 9 - 4) + 2?
1
27 + (-28 - -29 - (2 - 3) - 1)
28
470 - 481 - (1 - (0 - -11))
-1
(-4 - (14 - 4)) + (14 - 1)
-1
What is the value of 25 - 38 - (-20 - -18)?
-11
(-13 - 3) + (-3 + 2 - (1 - 1))
-17
Evaluate (1 - -2) + -12 - (-47 - -41) - -7.
4
-20 - (-217 + 243 + (-1 - 19))
-26
Evaluate -10 + (-7 + 10 - (7 + 0)).
-14
What is the value of (14 - (42 + -24)) + 9?
5
Evaluate -8 + (9 - (-6 - -16)) + 9 - -17.
17
What is the value of 2 - -19 - (9 + 2)?
10
What is the value of -8 + -8 + (57 - 25)?
16
Evaluate -1 - 3 - ((-29 - -7 - -11) + -4).
11
What is 3 + -6 + (-12 - -9) - 3?
-9
-6 + -41 + 18 - (0 - 2) - -1
-26
Calculate 0 - (-49 - -53 - (6 - -2)).
4
What is -41 + 0 + 15 + 18?
-8
Calculate 5 - ((12 + -6 - 14) + 3 + 19).
-9
-50 + 69 + 8 + -33
-6
-5 + (6 + -4 - -8)
5
Calculate -4 - (5 - -17 - (27 - 17)).
-16
What is (2 - ((1 - 3) + 1)) + -54 + 44?
-7
What is the value of 16 + -1 - (-409 + 413)?
11
What is -23 - (16 + -5 + -20)?
-14
Calculate -1 - 3 - 3 - (-6 + (24 - 16)).
-9
What is -7 - (-8 + (-3 - 3)) - 16?
-9
What is the value of (2 - (-7 + -2 + 4)) + -18?
-11
What is 7 + 5 - 8 - (-1 + (4 - 4))?
5
What is -1 - (37 - (20 - -6))?
-12
Calculate (-3 - -2) + (4 - 4) - -1 - 11.
-11
-2 - 1 - (0 + -3 - 7)
7
What is the value of -12 + (-24 + 6 - (-7 - 5))?
-18
What is the value of (-3 - (-10 + 9)) + -7?
-9
What is 2 - (0 - 1) - (-73 - -76)?
0
What is 14 + (4 - -1) + -127 + 121?
13
What is 1 + 4 + 2 + 10 + 66 + -74?
9
What is 26 - (-1 + (-5 - -13) + (0 - 0))?
19
Evaluate 48 + -65 + (-2 - -17).
-2
-4 - -2 - (18 - 11)
-9
What is 9 + 4 - (-12 - (6 + -8 + -1))?
22
Evaluate -20 + (2 + -1 - -6).
-13
What is 58 + (-24 - -9) - 21?
22
1 - (13 - (5 + 7))
0
Evaluate 4 + 4 + 6 + -8 + -8.
-2
Calculate (2 - (-12 - -9)) + (-12 - 11).
-18
Evaluate 57 + -2 + -10 + -30.
15
Evaluate (5 - 1) + -17 + 4 + 8 - -3.
2
(-60 - -62) + 1 + -1 - 15
-13
Calculate -11 + (6 - 18) - (-6 - (7 + -10)).
-20
Calculate -18 + 6 - (39 - 46) - -28.
23
What is 7 + (16 - (59 - 22))?
-14
Evaluate -346 + 344 + 1 + (22 - -2) + 3.
26
What is -6 - (-14 - (-2 - (13 - 3)))?
-4
Evaluate -6 - 11 - (-26 + -7).
16
Calculate (-13 - 0) + (0 - 1 - (108 - 107)).
-15
What is the value of (3 - (2 + 0)) + -2 + (-38 - -46)?
7
20 + (-46 - -20) - (13 + -3)
-16
Calculate -26 + 62 + -3 + -23.
10
Evaluate 14 - (5 + 9) - -7.
7
Calculate 12 + (-145 - -138 - (1 - 2)).
6
Calculate -36 - (-22 - -22 - 7).
-29
What is the value of 27 + -5 + 3 + (-17 - -11) + -7?
12
(11 - (0 - -7 - 2)) + (2 - 4)
4
What is the value of -1 - (-21 - -11 - 2 - 0)?
11
Calculate (1 - -5) + 282 + -279.
9
Evaluate (-12 - (20 - 29)) + -6.
-9
What is the value of -12 - 0 - (2 + (-11 - 13))?
10
Calculate 5 + -19 + 20 + (1 - -2).
9
Evaluate 19 + (-7 - 13) + (-11 - (-1 - -3)).
-14
Calculate (-10 + 4 - 5) + (-1 - 10 - -55).
33
Calculate 25 + (9 - 24) + -23.
-13
2 - (16 - -3) - (-232 + 193)
22
48 - 17 - (46 + -7)
-8
-1 + -1 + 276 + -290
-16
((-9 - -10) + -4 + 1 - -9) + -16
-9
-5 + (-3 - (3 - 10)) + -3 + 13
9
-43 - (-37 - 4) - ((2 - 1) + -21)
18
Calculate -12 + -3 + 1 + 11 + 0.
-3
5 + (-4 - 10) + 0 - -11
2
What is (2 - (-5 - 1)) + (-95 - -81)?
-6
What is the value of 10 - 6 - (-2 - 3) - 31?
-22
What is the value of 58 - (16 + 5 - -6)?
31
What is the value of 11 - -42 - 18 - (14 + -2)?
23
Calculate 5 + (-28 + 6 - -9) + 25.
17
What is the value of -3 + 24 + -13 + (0 - (0 - -3))?
5
What is the value of -6 + (9 + -4 - (13 + -9))?
-5
What is the value of (-12 - -17 - (0 + 6)) + -1 + 1?
-1
What is the value of (-13 - -14) + -9 + (2 - 5) - 1?
-12
What is the value of 3 + -3 + 3 + 16 + -17?
2
Evaluate (9 - 1) + -29 + (23 - -8) + -37.
-27
Evaluate -1 + -11 - -9 - -2.
-1
(-1 - 1) + (-199 - -212)
11
(17 + 0 - 0) + (-45 - -41) + -1
12
-1 + -29 - (23 - (-24 + 39 - -9))
-29
-5 + (-1 - 9) + -11
-26
What is the value of -11 + 9 - 1 - -18?
15
What is (12 - (-6 + 9)) + 9 + -20?
-2
What is the value of 2 + -38 - (3 - (-2 + 5))?
-36
Calculate -24 + (-40 - (23 + -58)).
-29
(-2 - -4) + (4 + -8 - 7 - -16)
7
16 + 0 + (-1 - 5 - (-57 + 53))
14
Evaluate 36 + -29 + 2 - (-5 - 1).
15
Evaluate (-23 - 8) + 6 - -14.
-11
Evaluate -3 + 3 - (-25 + 27) - (-1 + 2).
-3
Calculate -160 - -163 - (-2 + -8).
13
Evaluate 21 - (79 + 24 + -55).
-27
What is the value of 4 + (-3 - (-6 - -16 - 6)) - 3?
-6
What is (10 + -8 - 3 - -6) + -6?
-1
Evaluate 0 - -10 - 2 - (-15 + -22 + 40).
5
What is 0 + (6 - (-2 - -6))?
2
Evaluate 0 + (-2 - 0) - (9 - (17 + -13)).
-7
Calculate -6 + (-9 + 5 + 12 - 9) - 6.
-13
What is the value of -12 + (3 - -13) + -13?
-9
Evaluate (8 - 23) + -14 + 6 - -15.
-8
What is the value of -8 - (14 + -22) - (-4 + (3 - 2))?
3
What is (1969 - 1979) + (1 - -6)?
-3
Calculate 6 + 10 + -9 - (35 + -13).
-15
What is the value of 0 + 7 + 1 - (-100 + 184 + -71)?
-5
What is (162 - 136) + 1 + -21?
6
Calculate -2 + (1 - (25 + -16)).
-10
(-5 + 3 - 1) + -6 + 10
1
Calculate 26 + (-15 - (-14 + 13)).
12
Calculate (0 - 1 - (18 + -14)) + 0 + 3.
-2
What is 1 - (1 - 4 - (-7 + 5))?
2
Evaluate 6 + -7 - 11 - -28.
16
Evaluate -217 + 217 - (1 + -1 + (-1 - 3)).
4
-34 + (-20 + 10 - -29)
-15
What is the value of 7 - (14 + -6) - -13?
12
(-6 + 2 + 2 - 2) + (-48 - -38)
-14
1 + -11 - (158 + -169)
1
What is the value of 25 + -4 + (-6 - (-16 + 16))